+ 67*f - 167. Give q(13).
28
Let r(k) = -k**2 - 5526*k - 279226. Calculate r(-51).
-1
Let s(h) = -h**3 - 44*h**2 - 95*h + 31. Determine s(-42).
493
Let r(x) = -x**3 - 32*x**2 - 64360*x - 1863918. What is r(-29)?
-1
Let s(q) = 8*q**2 - 176*q - 21487. Give s(64).
17
Let p(g) = -2*g**3 - 29*g**2 + 27*g - 366. Determine p(-17).
620
Let z(h) = h**3 + 114*h**2 + h + 453. Calculate z(-114).
339
Let l(x) = -x**3 - 49*x**2 + 81*x + 3779. Give l(-49).
-190
Let o(t) = -167511*t - 335084. What is o(-2)?
-62
Let f(h) = -5513*h + 275727. Calculate f(50).
77
Let x(w) = -114*w + 19884. Give x(178).
-408
Let t(h) = -h**3 - 36*h**2 + 155*h - 159. Calculate t(-40).
41
Let i(d) = 2*d**3 + 397*d**2 - 7328*d - 103. Determine i(17).
-120
Let j(l) = -37*l - 680. What is j(-25)?
245
Let q(z) = -2343*z - 410040. Determine q(-175).
-15
Let o(f) = -8*f + 2785. Calculate o(68).
2241
Let b(o) = o**3 + 31*o**2 - 5*o - 1661. Determine b(-26).
1849
Let p(y) = 37*y**2 + 5*y + 9. Determine p(-4).
581
Let q(v) = 106*v**2 - 2861*v - 9566. Calculate q(30).
4
Let l(p) = -26*p**2 - 5473*p + 5464. Determine l(1).
-35
Let w(u) = -5*u**3 + 78*u**2 - 252*u + 210. Calculate w(13).
-869
Let l(c) = 10*c**3 - 46*c**2 + 32*c + 7. Determine l(4).
39
Let w(i) = 5*i**3 - 1536*i**2 - 18829*i + 2557. Determine w(319).
5
Let o(n) = -2*n**2 + 252*n + 3252. Calculate o(-12).
-60
Let l(v) = -11187*v + 55792. What is l(5)?
-143
Let q(m) = m**3 + 64*m**2 - 438*m - 815. What is q(-70)?
445
Let a(h) = -41*h + 1272. Determine a(27).
165
Let z(r) = 10*r**2 - 1131*r - 2690. What is z(116)?
674
Let w(u) = -u**3 + 38*u**2 - 122*u - 30. Determine w(3).
-81
Let s(z) = -z**2 - 1914*z - 58377. Calculate s(-31).
-4
Let a(s) = -677*s - 21016. Determine a(-31).
-29
Let f(c) = -108*c**2 + 12558*c + 9117. What is f(117)?
-9
Let p(a) = -40*a**3 + 856*a**2 + 470*a + 1279. Calculate p(22).
3
Let k(l) = -2070*l + 8658. Calculate k(5).
-1692
Let n(q) = -4*q**2 + 825*q + 37984. What is n(245)?
9
Let m(o) = -5*o**3 - 173*o**2 - 1460*o + 15. Give m(-20).
15
Let l(u) = u**3 + 555*u**2 - 1183*u - 38442. Calculate l(-557).
-9
Let p(g) = 314290*g + 1257164. Give p(-4).
4
Let s(n) = 2*n**3 + 1932*n**2 - 76302*n - 54. Determine s(38).
22
Let g(c) = -c**3 - 11*c**2 - 74*c - 55. Determine g(-6).
209
Let w(d) = d**2 - 5873*d - 518527. Determine w(-87).
-7
Let j(a) = -a**3 + 51*a**2 + 108*a - 5452. Give j(51).
56
Let y(h) = 2*h**2 - 57*h - 3955. Calculate y(61).
10
Let t(b) = -b**3 - 14128*b + 42396. What is t(3)?
-15
Let q(h) = -2*h**3 - 13*h**2 + 2168*h + 15119. What is q(-7)?
-8
Let z(r) = r**3 - 9*r**2 - 209*r + 2049. Determine z(11).
-8
Let w(r) = 23*r**2 + 108*r + 791. What is w(-7)?
1162
Let s(q) = -q**3 - 21*q**2 - 350*q - 2598. Calculate s(-10).
-198
Let j(d) = d**3 + 48*d**2 + 121*d - 12105. What is j(-34)?
-35
Let l(j) = j**3 - 53*j**2 - 19*j + 3894. Determine l(52).
202
Let r(k) = -4*k**3 + 78*k**2 + 654*k - 68. Determine r(-10).
5192
Let f(c) = 3*c**3 + 19*c**2 + 6767*c + 33750. Determine f(-5).
15
Let g(v) = 4*v**2 + 1339*v + 72312. Determine g(-267).
-45
Let b(v) = 454*v**2 + 6965*v + 2333. What is b(-15)?
8
Let s(v) = -v**3 - 152*v**2 - 170*v - 2941. What is s(-151)?
-72
Let l(i) = 12*i**2 - 1363*i - 643. Calculate l(114).
-73
Let w(d) = 2*d**2 - 35*d + 73. Give w(8).
-79
Let s(t) = t**3 - 45*t**2 - 613*t - 8176. Determine s(58).
2
Let j(s) = -s**3 + 46*s**2 - 291*s + 561. Calculate j(39).
-141
Let o(c) = -c**3 + 20*c**2 + 4*c - 322. Calculate o(11).
811
Let m(z) = -991*z**2 + 14*z - 13. Give m(1).
-990
Let z(u) = 27230*u - 27203. Determine z(1).
27
Let t(i) = -i**2 + 43*i + 3997. What is t(88)?
37
Let c(x) = -4*x**2 - 57*x - 41. Calculate c(9).
-878
Let w(g) = -106*g + 2953. Determine w(28).
-15
Let r(t) = -26863*t + 107391. Give r(4).
-61
Let j(q) = -6334*q - 55457. What is j(-9)?
1549
Let m(i) = 13*i**2 + 16*i - 289. Give m(4).
-17
Let y(z) = z**3 - 235*z**2 + 3909*z + 39. Calculate y(18).
93
Let a(k) = 194*k**2 + 4797*k - 1335. Determine a(-25).
-10
Let m(i) = 3*i**2 + 31*i - 8073. What is m(47)?
11
Let d(u) = -3*u**2 - 1406*u + 76095. Calculate d(49).
-2
Let f(c) = 2*c**2 - 917*c + 17536. What is f(20)?
-4
Let z(x) = 559*x**2 - 13480*x + 1529. Determine z(24).
-7
Let x(t) = 75*t - 2236. Give x(55).
1889
Let s(d) = d**3 + 98*d**2 - 6235*d - 302. Give s(44).
270
Let w(s) = -119*s - 628. Determine w(-21).
1871
Let c(k) = 9252*k**2 - 3006899*k - 322. What is c(325)?
3
Let u(a) = -a**3 - 20*a**2 + 96*a + 2581. What is u(-28)?
6165
Let h(i) = -138*i + 18024. What is h(132)?
-192
Let b(x) = x**3 - 145*x**2 - 25*x + 4271. Determine b(145).
646
Let m(l) = -84*l**2 + 1721*l - 5166. What is m(3)?
-759
Let x(b) = -2*b**2 + 932*b - 97007. Determine x(309).
19
Let f(z) = -z**3 - 19*z**2 - 55*z - 2043. Give f(-21).
-6
Let k(i) = 30*i**3 - 4*i**2 - 11*i + 47. Determine k(2).
249
Let i(p) = 80*p**2 + 5187*p - 35008. Give i(-71).
-5
Let f(c) = -c**2 - 1350*c - 224297. What is f(-194)?
-33
Let w(a) = -550*a**2 + 2795*a - 13. Give w(5).
212
Let a(x) = 32329*x - 549724. Determine a(17).
-131
Let n(j) = 33*j**2 - 5*j + 99. Determine n(8).
2171
Let x(o) = -23937*o + 24253. Determine x(1).
316
Let m(c) = 3724*c - 286699. Determine m(77).
49
Let r(f) = 80*f**2 - 429*f + 1692. What is r(4)?
1256
Let j(x) = x**3 - 40*x**2 + 1603*x - 60968. Determine j(39).
28
Let v(m) = 18801*m - 7576779. What is v(403)?
24
Let o(m) = 137*m**3 + 7*m**2 - 39*m + 49. Give o(2).
1095
Let r(f) = 3*f**3 - 982*f**2 - 324*f - 108899. Calculate r(328).
-3
Let b(j) = j**3 - 21*j**2 - 94*j + 1509. Calculate b(17).
-1245
Let h(j) = -4*j**3 - 87*j**2 - 196*j - 2833. Give h(-21).
-40
Let a(p) = -20*p**2 - 1668*p - 12073. Determine a(-8).
-9
Let u(i) = 9*i**3 + 52*i**2 + 172*i + 833. Determine u(-5).
148
Let j(w) = -6*w**2 + 91*w - 435. Determine j(15).
-420
Let b(z) = -4*z**3 + 22*z**2 + 41*z - 24. Give b(-3).
159
Let f(a) = 210*a**2 + 30077*a - 54070. Calculate f(-145).
15
Let n(f) = -202*f + 2255. Calculate n(-14).
5083
Let q(o) = o**3 + 74*o**2 - 105*o - 14823. Give q(-73).
-1829
Let q(u) = u**2 + 6*u - 3599. What is q(60)?
361
Let t(r) = -r**3 + 6*r**2 + 187*r - 1897. Determine t(10).
-427
Let w(s) = -3*s**3 - 63*s**2 - 285*s - 172. Give w(-15).
53
Let t(w) = w**3 - 5*w**2 - 427*w + 152. Give t(22).
-1014
Let b(w) = w**3 + 52*w**2 + 6359*w + 313045. Determine b(-50).
95
Let i(t) = -4*t**3 + 155*t**2 + 459*t - 26556. What is i(37)?
10
Let c(v) = -20767*v + 186909. Give c(9).
6
Let z(w) = -w**2 - 1613*w - 626844. Calculate z(-960).
36
Let m(v) = -v**3 - 29*v - 381. Determine m(-6).
9
Let u(l) = -62*l**3 - 5952*l**2 - 12*l - 410. What is u(-96)?
742
Let y(a) = -1038*a**2 + 19*a + 19. Determine y(-1).
-1038
Let g(t) = -14355*t + 20958314. Calculate g(1460).
14
Let p(q) = -16*q**2 + 832*q + 3307. Give p(-4).
-277
Let u(l) = -8683*l - 3855276. Give u(-444).
-24
Let c(d) = -1623*d - 876. Determine c(0).
-876
Let o(v) = -1421*v + 13661. Determine o(9).
872
Let k(u) = 214*u**2 + 276*u + 15. Give k(-1).
-47
Let l(u) = 3*u**3 + 67*u**2 + 160*u + 77. Calculate l(-2).
1
Let g(d) = 11913*d + 1250772. Determine g(-105).
-93
Let v(r) = 7*r**2 + 14*r - 308. What is v(-8)?
28
Let w(o) = 1156*o**2 + 11567*o - 5. What is w(-10)?
-75
Let g(b) = -80898*b + 161786. Determine g(2).
-10
Let s(a) = 40*a**2 + 133*a + 1075. Determine s(-8).
2571
Let q(h) = 72*h**2 + 2721*h - 567. What is q(-38)?
3
Let h(u) = 4165*u + 345730. Calculate h(-83).
35
Let z(a) = -429*a**2 + 5016*a + 1585. Determine z(12).
1
Let i(t) = -2312*t + 332. Determine i(0).
332
Let a(x) = -2399*x - 153269. Determine a(-64).
267
Let h(w) = 4517*w + 284585. Give h(-63).
14
Let o(l) = 5670661*l - 22682652. What is o(4)?
-8
Let m(z) = -z**3 - 73*z**2 - 13719*z - 1080075. Determine m(-77).
4
Let z(v) = 1302*v - 13041. What is z(10)?
-21
Let d(y) = -4*y**3 + 1117*y**2 - 267*y - 3380. Give d(279).
-32
Let k(g) = -3*g**2 + 2085*g + 38527. Determine k(-18).
25
Let s(r) = -6936*r**2 + 104037*r + 54. Determine s(15).
9
Let j(h) = 200*h - 13262. Calculate j(70).
738
Let y(i) = -559*i + 246007. Give y(440).
47
Let u(h) = 852*h + 5145. Give u(-6).
33
Let s(m) = 54*m**2 - 2848*m + 30568. Calculate s(15).
-2
Let t(a) = -123*a**2 - 188*a - 363. Give t(-2).
-479
Let p(s) = s**3 + 47*s**2 - 334*s + 120. Give p(-53).
968
Let h(j) = -2*j**3 